1 + -4 + (1 - -3) + -3
-2
What is the value of 1 + 2 + (-5 - -3)?
1
Calculate 7 + -1 + -1 - (3 + -3).
5
Calculate -2 + 4 + 1 - (-2 - -5).
0
Evaluate -3 + 5 + 2 + -2.
2
0 + (3 - 2) + -4 + 2
-1
What is -25 - -33 - (-1 - -2)?
7
Evaluate -2 + -1 + 5 + 1.
3
What is -7 + 10 + -6 + -1 + -3?
-7
0 - (4 + -3) - (0 - -3)
-4
Calculate -2 - (-3 - 3) - (1 - -3).
0
Evaluate (4 - 3) + 6 - 6 - -4.
5
What is 0 - 4 - (-1 + -5)?
2
Evaluate (-4 - 3) + -22 + 27.
-2
-2 + 1 - ((9 - 7) + -2)
-1
-5 + 3 + -1 + -1
-4
What is (4 - 2) + -12 + 5 + 0?
-5
What is (-9 + 6 + -2 - -6) + 6?
7
What is the value of 17 + -4 + (-15 - 8)?
-10
Calculate -5 + (19 + 1 - 8).
7
Calculate (-3 - -6) + (7 - (-2 + 14)).
-2
What is -8 + -1 - (-186 + 175)?
2
What is (96 - 91) + -1 + 7?
11
What is (4 - 6) + -2 + 0 - -8?
4
Calculate 0 + -8 - ((12 - -11) + -29).
-2
Calculate 15 + -1 + 9 + -19.
4
Evaluate (-1 - -3) + -2 - (7 - 3).
-4
Calculate -4 - ((-2 - 5) + 1).
2
Calculate -1 + 5 + -2 + 6.
8
-5 - ((-3 - -7) + -6) - -1
-2
What is the value of (-7 - 8 - -6) + 5?
-4
Evaluate -1 + 1 + 1 + (7 - 4).
4
Calculate -6 + (-15 - (-15 + 3)).
-9
2 + (-1 - (7 - 0)) + 1
-5
-4 - (-3 - -3 - 0)
-4
0 - (3 - -1) - -2
-2
Calculate 4 + (3 - 5) - (1 - -3).
-2
What is 11 + (6 - (11 - 2))?
8
Evaluate 4 - (-1 - (-2 - 4)).
-1
Evaluate 10 + -2 + -1 + -4 + 2.
5
Evaluate -1 + 5 + 5 + -24 + 23.
8
6 + -2 - 9 - -6
1
-2 + (7 - (5 - 5))
5
What is 6 + -10 - -1 - (5 + -2)?
-6
What is the value of 8 + -12 - (-1 - 2)?
-1
What is the value of (2 - 3 - (-4 - 2)) + 0?
5
Calculate 1 - 1 - (-9 + 8 - -6).
-5
Calculate -4 - (2 + 2 - 8).
0
6 - 2 - (-14 - -17)
1
What is -6 - (1 + -1) - (-12 + 11)?
-5
(-3 - -1) + (-6 - (4 - 7))
-5
(3 - 1 - -5) + (8 - 11)
4
Evaluate -9 + 16 + (3 - 14).
-4
Calculate (6 - 13) + (4 - -1) - 4.
-6
6 + -1 + (-19 - (-27 + 16))
-3
Calculate 4 + (-1 - -1) + -4.
0
What is -1 + 0 + 1 + 16 + -12?
4
Calculate 8 - 3 - (-1 + 1) - 7.
-2
What is the value of 5 + (8 - 3) + -5 - 13?
-8
Calculate (9 - 5) + (-8 + 3 - 0).
-1
Calculate -3 - -5 - -6 - (-5 - -5).
8
Calculate (-1 - (-3 + 6) - -4) + 3.
3
Evaluate (3 - (-4 + 3)) + 1.
5
Calculate -5 + 1 - -3 - (2 + -3).
0
What is -37 - -43 - (3 + 4 - -1)?
-2
Evaluate -31 - -33 - (1 + 10).
-9
5 + -5 + 10 + -11
-1
Calculate -3 - (-6 - -3 - 1).
1
Calculate -6 + (-1 - (3 - 12)).
2
Calculate -6 + 5 + 1 + -2 - -6.
4
Calculate -1 - (12 - (-12 + 24)).
-1
What is the value of 2 - (7 + -10 + 1 + 3)?
1
Calculate (0 - -6 - 2) + 1.
5
What is -13 + (-2 - -5) + 5?
-5
What is 2 - 1 - ((-8 - -1) + 7)?
1
Evaluate (-8 - -7) + -1 - 2.
-4
What is (0 - (6 - 3)) + 3 - -10?
10
Calculate (-5 - (-16 - -4)) + -14.
-7
Evaluate -2 + -3 - (-10 + 4).
1
3 + 1 + -2 - 4
-2
Calculate -4 - (-9 + -3 + 5).
3
Calculate 7 - (-31 + 25 - (-11 - 2)).
0
What is (1 - (-5 - -1)) + -5 + 4?
4
Evaluate (2 - 3) + -1 + -1.
-3
What is -1 + (1 - 3) + (27 - 29)?
-5
Evaluate 0 - (-3 + (1 - 1) - 1).
4
What is the value of 8 + -6 + -11 - -8?
-1
Evaluate 0 + -2 + 6 + -1.
3
What is 4 - (4 + -4 + 3 + 1)?
0
(-2 - (-1 - -1) - 5) + 2
-5
What is the value of 2 - (1 + 9) - (-14 + 11)?
-5
Calculate -17 + 19 - (2 - (-3 + 6)).
3
What is the value of -2 - (4 - 5) - -2?
1
What is the value of (6 + -1 - 20) + 9?
-6
-12 + (11 - (-12 + 6))
5
-7 + 9 + 0 + -5
-3
Evaluate 5 + -3 + 2 + 4 + -3.
5
7 - 4 - (0 + 0)
3
Calculate 1 + -1 + 1 + -2 - 0.
-1
What is 5 + -10 + 1 - 0 - -6?
2
Evaluate 2 - 4 - 8 - -16.
6
What is the value of (-7 - -8 - -5) + -3?
3
Evaluate (4 - 11) + 8 + 5.
6
Evaluate (3 - (7 + -4)) + 5.
5
0 + 4 + (2 - 2)
4
What is the value of -1 + (-3 - -3) + -3?
-4
What is 2 - 0 - (7 - (1 - -3))?
-1
What is the value of 1 - 10 - (41 + -48)?
-2
Calculate -65 + 63 - (-2 - -1 - -3).
-4
Evaluate -1 + (-3 + (2 - 2) - -3).
-1
What is 4 + -1 - (6 - 1)?
-2
-10 + 9 + -3 - (-1 + -1)
-2
Calculate 4 - (-4 + (11 - 3)) - 3.
-3
What is (-1 - -2 - -2) + (-7 - -10)?
6
Calculate 0 + -3 + -7 + 7 + 5.
2
What is 2 - -7 - -1 - 3 - 4?
3
What is -7 + 2 + 6 + 2 + 0?
3
(16 - 19) + (6 - -2)
5
Calculate (-49 - -55) + 0 + (-9 - -2).
-1
What is the value of (-27 - -24) + (8 - (1 + -1))?
5
Evaluate (8 - 15 - -11) + -2 + -1.
1
What is -3 - (-3 - -5) - (1 + -1)?
-5
Calculate (-13 - -15) + (-1 - 1) - 0.
0
0 - -3 - (-3 - -8 - 0)
-2
-6 - (8 - 11) - -3
0
What is the value of 1 - (-4 - -5) - -3?
3
Evaluate -4 + -5 + 0 + 4 + 5.
0
What is the value of (-6 - -4) + 0 + -2?
-4
What is the value of 3 + -1 + (0 + -3 - -4)?
3
What is (1 - (-1 - -3)) + -2?
-3
5 + (3 - 4) + -2 + 1
3
Calculate 3 + 13 + -3 + -6.
7
Calculate (0 - -4) + (4 - 3 - 2).
3
What is (-10 - -6) + 10 - (4 + 1)?
1
Evaluate -2 + 8 - (9 + (6 - 3)).
-6
Evaluate -2 - (2 + (0 - 1) + -2).
-1
Evaluate 6 - (-3 - -7) - -1.
3
Evaluate 9 + (-8 + -1 - -3).
3
What is the value of 3 + (0 - (-1 + 4)) + -2?
-2
What is -26 - -8 - -8 - -13?
3
What is the value of -6 - (-9 - -7) - (0 - 6)?
2
Calculate 17 - (16 - (10 + -8 + 6)).
9
What is the value of 11 + (-9 - (14 + -16))?
4
Calculate 9 + (-17 - -17) - (6 + -1).
4
3 + 10 - 18 - (-2 - 0)
-3
What is -10 + -3 + 9 + 3 + 2?
1
What is 4 - (1 - -5) - 0?
-2
Calculate 16 - 14 - (4 + 3).
-5
Evaluate (-9 - (6 + -11)) + 6.
2
What is -6 - -1 - (-4 + 4 - 1)?
-4
Calculate 11 + (0 - 4) - 4.
3
4 + -2 + 3 - 6 - 3
-4
Evaluate -4 + (7 - 4) - -2.
1
Evaluate -2 - (8 - (-5 + 11)).
-4
What is the value of 6 - 2 - (-1 - -2)?
3
Evaluate 0 + -5 + (4 - (11 + -9)).
-3
Evaluate 1 + (-4 - -6) - (1 + 3).
-1
Calculate 2 - (13 + -11 - 4).
4
Evaluate -1 - 0 - (-2 + 1 + 4).
-4
What is -4 + -5 + 9 + 5?
5
What is (2 - (2 + -3 + 5)) + -2?
-4
(11 - -1) + (7 - (10 + 1))
8
Evaluate (-3 - -3 - -5) + 3 + -5.
3
What is the value of 4 + -4 + -2 - 2 - -4?
0
Calculate (4 - 6) + (6 - 8).
-4
What is the value of -1 + (12 - 7) - 0?
4
What is -5 + -11 + 4 - -18?
6
Calculate -1 + 2 - (7 + -6) - -6.
6
Calculate -10 + 0 + 5 + -5 + 7.
-3
What is the value of 5 - (1 + 13 + -4)?
-5
Calculate (1 - 3) + 3 + 7.
8
10 + 3 - (26 - 19)
6
What is -5 + (3 + 1 - 0 - 2)?
-3
-16 + 1 + (-2 - -10)
-7
What is the value of 1 + (1 - (0 + 1))?
1
-2 + 16 + -10 + -3
1
Evaluate 15 + -3 + -13 + -4.
-5
(7 - -9) + -4 + -6
6
What is (-4 - -3) + -1 + 0?
-2
Calculate -7 + 6 + 0 + 7.
6
(-7 + -7 - -12) + 8
6
Evaluate 7 - (-2 + 5) - 3.
1
What is the value of 11 + -2 - 14 - -4?
-1
(5 - (-3 - -3)) + -2
3
Calculate -9 - (-5 + 7 + -15).
4
What is 2 - (3 + -1 + -9 + 4)?
5
What is the value of -48 + 28 - -27 - (-1 - 1)?
9
What is the value of 1 + -1 + 6 + -27 + 23?
2
Evaluate (0 - -1) + (5 - 5).
1
What is 5 - (1 - (-3 + (6 - 3)))?
4
Evaluate 1 - (5 + (-4 - -3)).
-3
What is -2 + -5 + 4 + (9 - 3)?
3
Calculate (2 - -1) + (3 - (0 - -10)).
-4
What is -1 + 10 + -10 - -1?
0
What is 2 + -7 - (28 - 34)?
1
-8 - (-3 - (3 + -1))
-3
What is the value of (-1 - -10) + -1 - 0?
8
Calculate 13 + -9 - (1 + 0).
3
What is the value of (4 - 2) + (7 - 4) + -5?
0
-31 - -24 - (-3 + -1 - -1)
-4
Calculate (8 - 7) + 3 - 5.
-1
Calculate 2 - (1 + -1 + 1) - 6.
-5
What is -3 + -1 + 2 + 1?
-1
-120 + 123 - (7 - -1)
-5
What is -4 + (3 - 1) + 3?
1
What is the value of -5 + (0 - -2) + 3 + -1?
-1
What is -6 + -1 + -11 + 24?
6
Calculate -3 + 1 - (-3 - (-3 - 2)).
-4
-32 + 38 + -1 + -15
-10
Calculate (0 + -3 - 0) + (243 - 240).
0
-2 - 3 - (6 - 6)
-5
Evaluate -8 - ((13 - 10) + -9).
-2
(2 - -2) + 8 - 7
5
Evaluate -187 + 190 - ((0 - -1) + 0).
2
Calculate (-5 - 3) + 9 - 0.
1
What is the value of 1 - (2 + -7 - -3)?
3
What is (1 - (11 - (5 + -1))) + -1?
-7
What is the value of 4 - (4 + (-5 - -1) - -8)?
-4
Calculate (0 - (3 - 0)) + (0 - -2).
-1
Evaluate -5 - ((-5 - (-4 - 1)) + -5).
0
What is the value of -5 - (-2 - (-2 + 2 + -1))?
-4
What is (-2 - -17) + -10 + -6?
-1
Evaluate -4 - (0 - (5 + -3)).
-2
What is the value of 6 + (16 - 8 - 10)?
4
What is the value of 1 + 2 + -5 - -4?
2
Evaluate (-20 - -21) + (1 - 5).
-3
-1 + -1 + 51 + -46
3
Evaluate 7 + (-9 - (-2 + 5 + -9)).
4
Evaluate 0 + 0 + (0 - -1 - 6).
-5
What is the value of -7 + 1 + (0 - (3 + -4))?
-5
Evaluate 3 + -9 - ((9 - 6) + -4).
-5
What is 2 - (-8 - (3 + -14) - -5)?
-6
What is the value of 4 + -4 - -2 - -2?
4
Evaluate 0 + (-2 - -3) + -4.
-3
Evaluate 4 + -1 + 1 - 8.
-4
What is the value of -2 + (0 - -1) - 0 - 4?
-5
Evaluate 5 - 3 - (0 + 5 - 8).
5
What is the value of 4 - (7 - (-2 - -3) - 3)?
1
What is the value of -1 + 0 + 0 + 120 + -120?
-1
What is (1 + 1 + -2 - -5) + -1?
4
Evaluate 2 